 (-2 - -8) + 1/1?
7
Let q be -2 - (342/3)/3. Let v be q/(-6) + 4/(-6). Let t = 15 - v. What is the units digit of t?
9
Let l(f) = 6*f - 6. Let v = 1 - -3. What is the tens digit of l(v)?
1
Let o(a) = -a**2 - 6*a - 4. Let r be o(-5). Suppose -i - 4*w - r = 0, 40 + 3 = 5*i - 4*w. Suppose i*t - 5*t = 36. What is the tens digit of t?
1
Suppose 4*u - r - 114 = 0, -2*r = -u + 4*u - 80. What is the tens digit of u?
2
Let n = -6 - -8. Suppose -2*m = 5*i - 5*m - 6, 6 = 4*i - n*m. What is the units digit of 2/i - 1/(-3)?
1
Let y(k) = -k. Let z(l) = 5*l - 3. Let b(q) = -4*y(q) - z(q). Let f be b(-7). Suppose 3*h - f = -4. What is the units digit of h?
2
Let n = 41 - 20. What is the tens digit of 948/n + (-1)/7?
4
Let n = 0 - -9. Let h(t) = -t**3 + 10*t**2 - 6*t - 5. What is the tens digit of h(n)?
2
Let i(g) = 6*g - 20. Let o(q) = 2*q - 7. Let l(y) = 6*i(y) - 17*o(y). What is the units digit of l(1)?
1
Let v = 4 - 7. Let b be (v/6)/((-1)/(-48)). What is the tens digit of (-2)/(1*3/b)?
1
Let u = -4 + 3. Let h be (0 - -1) + 12 + -7. Let y = u + h. What is the units digit of y?
5
Let z be (-8)/3*12/(-8). Suppose -15 = -j - z*j. Suppose r = 3*r - j*s - 33, -r = 4*s. What is the units digit of r?
2
Let d(f) = f**3 - 14*f**2 + 18*f - 24. What is the tens digit of d(13)?
4
Let b(z) = z**3 - 4*z**2 - 4*z. Suppose -2*h - 20 = -6*h. Let n be b(h). Suppose 4*p + p + n = 3*x, 2*p = x - 1. What is the units digit of p?
2
Let r(b) = b**3 - 5*b**2 - 20*b - 11. What is the tens digit of r(9)?
3
Let u(a) = 0 - 4 - 8*a - a**3 - 3 - 7*a**2. What is the units digit of u(-6)?
5
Suppose 6 = -2*p + 5*p. Let h = p + 1. What is the units digit of (4/h)/((-1)/(-6))?
8
Suppose 4*v - 78 = -2*b, -3*b = -0*v - 4*v + 103. What is the tens digit of v?
2
Suppose l + l - 76 = 0. Suppose -2*z + l = 4*n, 5*z + 6*n = 2*n + 101. What is the units digit of z?
1
Let v be ((-2)/(-3))/(2/6). Suppose v*f + 5*p = -7, 0 = -5*f + p - 2 - 2. What is the units digit of (f/(-3))/((-3)/(-9))?
1
Suppose 2*b - 49 = t, -5*b = -t - t - 122. What is the units digit of b?
4
Let k be (-3)/(-5) + 108/20. Let x = 8 - k. What is the units digit of x?
2
Let z(q) = q**3 + q**2 - q. Let u be z(0). Suppose 0 = -u*j + 2*j - 2. What is the units digit of j?
1
Suppose 4*q - 2 = -q + 2*u, -2*q = 4*u - 20. Suppose -q*r + 6 = -0*r. Let z = 0 + r. What is the units digit of z?
3
What is the units digit of (2235/(-10))/(1 - (-3)/(-2))?
7
What is the units digit of 1170/(-12)*4/(-15)*3?
8
Let j(a) = a + 5. Let k be j(-6). Let y be (2 - -2)*2/4. What is the units digit of (y + k)/((-2)/(-8))?
4
Let x(o) = o**2 - 2*o + 6. Let g be x(9). Suppose -2*c - c + g = 0. Suppose 5*l + c = 73. What is the units digit of l?
0
Suppose -g = 4*g + 90. What is the units digit of ((-1)/3)/(1/g)?
6
Let f(i) be the second derivative of 5/6*i**3 - 1/3*i**4 - 1/20*i**5 + 0 + 3/2*i**2 - 2*i. What is the units digit of f(-5)?
3
Let m(k) = k**2 - 4*k - 3. Let n be m(6). What is the units digit of 12/9*n/2?
6
Let b(s) = 3*s**2 + 9*s - 19. What is the tens digit of b(-8)?
0
Let b(i) = -i + 16 - 9 + 19. What is the units digit of b(0)?
6
Suppose 0*o = o + 4. Let b = o - -1. What is the units digit of (-24)/b + -2 - -1?
7
Let c(l) = -l**3 + 9*l**2 - 9*l + 6. Let f be c(8). Let d(z) = -2*z**3 - 2*z**2 - 4*z - 2. What is the units digit of d(f)?
4
Suppose -4*f + 3*d + 27 = 0, -5*d = 3*f - 34 - 8. Suppose -13 = 5*i - 123. Let g = i - f. What is the units digit of g?
3
Let f(i) = -i + 11. Let s be f(8). Suppose s*l = -2*l + 20. Suppose c + l*g + 1 = 0, -3*c - 4*g + 17 = -2*g. What is the units digit of c?
7
Let w(c) = c**3 + 6*c**2 + 3*c - 5. Let q be w(-5). Suppose -l + 27 = q. What is the tens digit of l?
2
Let j(i) = -37*i**3 + 2*i**2 + 2*i + 1. What is the units digit of j(-1)?
8
Let y(a) = -a**2 + 6*a - 3. What is the units digit of y(5)?
2
Let d = -26 + 54. Let z = 7 - d. What is the units digit of (2/(-1))/(6/z)?
7
Let c = 640 - 453. What is the tens digit of c?
8
Suppose 0 = -4*i + 2*t + 14 + 104, -i + t + 29 = 0. What is the units digit of i?
0
Suppose -5*q + 7*s = 10*s - 273, 0 = -3*q - 4*s + 155. What is the units digit of q?
7
Suppose -2*q = -0*q - 4*n - 58, 0 = n + 5. What is the units digit of q?
9
Suppose -z - 5*h - 26 = 0, 2*z + h + 1 = -6. Let j = z - -12. What is the units digit of j?
1
What is the hundreds digit of (-18)/((2 - 1)/(-8))?
1
Let k(v) = -v - 6. Let b be k(-3). Let j(t) = -t**2 - 4*t - 1. Let i be j(b). What is the units digit of i/(-3) - (-34)/6?
5
Let t = -182 - -385. What is the tens digit of t?
0
What is the hundreds digit of 188 + (-4 - -6) + -5?
1
Suppose -9 - 21 = 5*i. Let b = i - -22. What is the units digit of b?
6
Let w be ((-2)/(-4))/(2/(-8)). Let g(y) = -2*y**3 + 3*y**2 + y. What is the tens digit of g(w)?
2
Let z = -5 - -25. Suppose -l = -15 - z. Suppose -3*b - 2*b = -l. What is the units digit of b?
7
Let l(t) = -28*t**3 - 3*t - 2. What is the units digit of l(-1)?
9
Let w = 2 + -1. Let q = w - -20. What is the units digit of q?
1
What is the units digit of (-1)/((-96)/94 + 1)?
7
Suppose -3*w + 2*v + 300 = 0, v + 140 + 61 = 2*w. What is the tens digit of w?
0
Suppose -4*z = u - 35, 11*u - 66 = 8*u + z. What is the tens digit of u?
2
Let c(o) = o**2 - 5*o + 3. Let m = 6 + -1. What is the units digit of c(m)?
3
What is the hundreds digit of (-1 - 952/(-9)) + 2/9?
1
What is the units digit of 4 + -1 - (-11 + 1)?
3
Let t(u) = -17*u**3 - u. What is the tens digit of t(-1)?
1
Let p(n) = n**2 + 4*n - 1. Let q be p(-5). Suppose 0 = q*b - 66 - 22. Suppose 0*k = 2*k - b. What is the tens digit of k?
1
Suppose b + o = -4*b + 105, b - 37 = 3*o. Suppose -3*d + 0*a = -a - b, 2*a + 8 = 2*d. What is the units digit of d?
9
Let r = -121 - -181. What is the units digit of r?
0
Suppose -4*v - 124 = -f - 38, 2*v - 6 = 0. What is the tens digit of f?
9
Suppose -3*b - s = -b - 54, -5*b - s = -132. What is the tens digit of b?
2
Let w(d) = 2*d + 5. What is the units digit of w(9)?
3
Let w = -9 - -36. Let f = w + -16. What is the tens digit of f?
1
Suppose -3*f = -2*f - 13. Suppose 3*n - 23 = f. What is the units digit of n?
2
Suppose -4*h - 6 = -5*r + 49, -3*h = -15. Let l = -10 + r. Suppose 2*x = 5*a - 30, -2*a + x = -l*a + 18. What is the units digit of a?
6
Let p = 8 - 16. Let g = p - -10. What is the units digit of g?
2
Let d be (-45)/12*(-8)/3. Suppose 2 + d = 4*u. What is the units digit of u?
3
Let m = 29 - 26. What is the units digit of m?
3
Let t be 8 + 4 + (-6)/3. Let x = t - 7. What is the units digit of x?
3
Suppose 0 = -4*o + 8, -5*h + 2*o = -2*o + 3. Let n = 8 - h. Let g = 14 + n. What is the tens digit of g?
2
Let c(z) = -2*z**3 - 4*z**2 + 2*z + 4. Let o be c(-3). Let k be (36/2)/(-3) - -1. Let q = k + o. What is the tens digit of q?
1
Suppose 0 = 5*n - 7*n + 18. Suppose 2*h = n + 21. What is the units digit of h?
5
Let q(x) = 4*x**3 - 3*x**2 + 4*x - 2. Let d be q(2). Suppose -m + d = f + 3*f, f - 4*m = -2. What is the units digit of f?
6
Let k = 11 + -3. Suppose 3*p - 49 = k. What is the units digit of p?
9
Let j be (-10)/4*(9 - 31). Let c = -33 + j. What is the tens digit of c?
2
Let b(f) = f**3 + 3*f**2 - 2*f - 2. Let z(x) = x**2 - 4*x + 4. Let t be z(3). Suppose -m + q - t = 1, -6 = m + 3*q. What is the units digit of b(m)?
4
Let d = -8 + 17. Suppose 5*s - 31 - d = 0. What is the units digit of s?
8
Let v(l) = 4*l**2 - 8*l + 5. Let f be v(5). Let n = f + -41. What is the tens digit of n?
2
Let y be (-3)/(-6) - 46/(-4). Suppose y = 9*m - 5*m. What is the units digit of m?
3
Suppose -3 + 0 = -j. Suppose 15 = -0*c + j*c. What is the units digit of c?
5
Suppose 3*g = -w - 27 + 10, 26 = -4*g - 3*w. What is the tens digit of (-2)/(-5) + (-148)/g?
3
Let m = 37 + 6. What is the units digit of m?
3
Let i = 0 - -1. Suppose -5*o + 4 = -i. What is the units digit of o?
1
Suppose 0*n + 4 = n. Let y = -1 + n. What is the units digit of y?
3
Let n be (-2)/(-2) - 0 - -2. Suppose p = -n*p + 36. What is the units digit of p?
9
Let b(l) = 9*l - 9. Let u(i) = 10*i - 8. Let n(f) = 6*b(f) - 5*u(f). What is the tens digit of n(8)?
1
Let c(w) = 160*w**3 + w. Let o be c(1). Suppose 5*h - o = 4. What is the units digit of h?
3
Let f = -22 - 23. Let l = f - -80. What is the units digit of l?
5
Let i(x) = 4*x**2 - x**3 - 4 - 5*x**2 - 4*x - 